20
What is the remainder when 1589 is divided by 59?
55
Calculate the remainder when 23 is divided by 14.
9
Calculate the remainder when 96 is divided by 46.
4
What is the remainder when 91 is divided by 46?
45
What is the remainder when 9119 is divided by 76?
75
Calculate the remainder when 136 is divided by 46.
44
What is the remainder when 596 is divided by 24?
20
What is the remainder when 31 is divided by 9?
4
What is the remainder when 1752 is divided by 70?
2
What is the remainder when 1318 is divided by 120?
118
What is the remainder when 492 is divided by 55?
52
What is the remainder when 18351 is divided by 21?
18
Calculate the remainder when 34 is divided by 19.
15
What is the remainder when 334 is divided by 34?
28
What is the remainder when 1537 is divided by 27?
25
What is the remainder when 639 is divided by 316?
7
What is the remainder when 138 is divided by 35?
33
What is the remainder when 84 is divided by 16?
4
Calculate the remainder when 1731 is divided by 288.
3
What is the remainder when 7038 is divided by 2337?
27
What is the remainder when 166 is divided by 24?
22
What is the remainder when 247 is divided by 62?
61
Calculate the remainder when 699 is divided by 141.
135
What is the remainder when 5554 is divided by 11?
10
Calculate the remainder when 288 is divided by 17.
16
Calculate the remainder when 113 is divided by 6.
5
Calculate the remainder when 1039 is divided by 25.
14
Calculate the remainder when 124 is divided by 3.
1
Calculate the remainder when 620 is divided by 48.
44
Calculate the remainder when 23 is divided by 12.
11
Calculate the remainder when 271 is divided by 92.
87
What is the remainder when 2230 is divided by 28?
18
Calculate the remainder when 103 is divided by 19.
8
Calculate the remainder when 108 is divided by 40.
28
What is the remainder when 23 is divided by 5?
3
What is the remainder when 212 is divided by 43?
40
Calculate the remainder when 226 is divided by 40.
26
What is the remainder when 526 is divided by 33?
31
Calculate the remainder when 101 is divided by 54.
47
What is the remainder when 322 is divided by 31?
12
What is the remainder when 357 is divided by 217?
140
Calculate the remainder when 328 is divided by 30.
28
Calculate the remainder when 717 is divided by 48.
45
What is the remainder when 333 is divided by 34?
27
What is the remainder when 53361 is divided by 17?
15
What is the remainder when 834 is divided by 168?
162
What is the remainder when 77 is divided by 21?
14
Calculate the remainder when 251 is divided by 18.
17
Calculate the remainder when 1589 is divided by 1.
0
What is the remainder when 780 is divided by 35?
10
What is the remainder when 1482 is divided by 28?
26
Calculate the remainder when 2087 is divided by 123.
119
Calculate the remainder when 1000 is divided by 14.
6
Calculate the remainder when 353 is divided by 50.
3
Calculate the remainder when 2615 is divided by 187.
184
What is the remainder when 817 is divided by 10?
7
What is the remainder when 93 is divided by 18?
3
Calculate the remainder when 678 is divided by 100.
78
Calculate the remainder when 116 is divided by 37.
5
What is the remainder when 341 is divided by 175?
166
What is the remainder when 302 is divided by 81?
59
What is the remainder when 111 is divided by 13?
7
What is the remainder when 310 is divided by 135?
40
What is the remainder when 479 is divided by 160?
159
What is the remainder when 392 is divided by 54?
14
Calculate the remainder when 80 is divided by 54.
26
What is the remainder when 2127 is divided by 56?
55
Calculate the remainder when 129 is divided by 67.
62
What is the remainder when 399 is divided by 28?
7
What is the remainder when 15567 is divided by 173?
170
What is the remainder when 110 is divided by 52?
6
What is the remainder when 15678 is divided by 28?
26
What is the remainder when 5605 is divided by 5603?
2
Calculate the remainder when 113 is divided by 58.
55
Calculate the remainder when 689 is divided by 11.
7
What is the remainder when 202 is divided by 34?
32
Calculate the remainder when 35 is divided by 14.
7
Calculate the remainder when 220 is divided by 56.
52
Calculate the remainder when 4913 is divided by 42.
41
Calculate the remainder when 1638 is divided by 183.
174
What is the remainder when 5594 is divided by 19?
8
What is the remainder when 1023 is divided by 41?
39
What is the remainder when 12571 is divided by 16?
11
What is the remainder when 106 is divided by 42?
22
What is the remainder when 1237 is divided by 20?
17
Calculate the remainder when 104 is divided by 38.
28
Calculate the remainder when 7197 is divided by 32.
29
What is the remainder when 3510 is divided by 1749?
12
What is the remainder when 430 is divided by 211?
8
Calculate the remainder when 937 is divided by 130.
27
What is the remainder when 451 is divided by 167?
117
What is the remainder when 93 is divided by 33?
27
What is the remainder when 13422 is divided by 49?
45
Calculate the remainder when 282 is divided by 17.
10
What is the remainder when 9577 is divided by 135?
127
What is the remainder when 1022 is divided by 130?
112
What is the remainder when 1854 is divided by 4?
2
Calculate the remainder when 13 is divided by 11.
2
What is the remainder when 90 is divided by 3?
0
What is the remainder when 83 is divided by 34?
15
Calculate the remainder when 467 is divided by 47.
44
What is the remainder when 9393 is divided by 36?
33
What is the remainder when 5026 is divided by 1000?
26
Calculate the remainder when 5631 is divided by 49.
45
Calculate the remainder when 888 is divided by 434.
20
What is the remainder when 335 is divided by 94?
53
What is the remainder when 6803 is divided by 162?
161
Calculate the remainder when 1186 is divided by 296.
2
Calculate the remainder when 9417 is divided by 62.
55
What is the remainder when 811 is divided by 358?
95
Calculate the remainder when 308 is divided by 78.
74
What is the remainder when 376 is divided by 19?
15
What is the remainder when 29 is divided by 22?
7
Calculate the remainder when 847 is divided by 37.
33
What is the remainder when 272 is divided by 74?
50
What is the remainder when 8708 is divided by 198?
194
Calculate the remainder when 97 is divided by 97.
0
Calculate the remainder when 5 is divided by 2.
1
Calculate the remainder when 776 is divided by 52.
48
What is the remainder when 5389 is divided by 11?
10
What is the remainder when 20052 is divided by 31?
26
What is the remainder when 215 is divided by 9?
8
What is the remainder when 102 is divided by 8?
6
What is the remainder when 56 is divided by 49?
7
Calculate the remainder when 183 is divided by 32.
23
Calculate the remainder when 18 is divided by 13.
5
Calculate the remainder when 374 is divided by 15.
14
Calculate the remainder when 871 is divided by 7.
3
What is the remainder when 848 is divided by 9?
2
Calculate the remainder when 494 is divided by 15.
14
What is the remainder when 834 is divided by 21?
15
What is the remainder when 357 is divided by 19?
15
Calculate the remainder when 241 is divided by 49.
45
Calculate the remainder when 13895 is divided by 100.
95
Calculate the remainder when 7651 is divided by 247.
241
What is the remainder when 705 is divided by 99?
12
What is the remainder when 1921 is divided by 121?
106
What is the remainder when 2534 is divided by 39?
38
What is the remainder when 549 is divided by 12?
9
Calculate the remainder when 1902 is divided by 173.
172
Calculate the remainder when 200 is divided by 21.
11
What is the remainder when 358 is divided by 45?
43
Calculate the remainder when 28 is divided by 10.
8
Calculate the remainder when 538 is divided by 182.
174
What is the remainder when 4825 is divided by 151?
144
Calculate the remainder when 521 is divided by 87.
86
Calculate the remainder when 107 is divided by 25.
7
Calculate the remainder when 538 is divided by 30.
28
What is the remainder when 487 is divided by 243?
1
What is the remainder when 3552 is divided by 15?
12
Calculate the remainder when 852 is divided by 170.
2
What is the remainder when 242 is divided by 21?
11
Calculate the remainder when 29 is divided by 15.
14
Calculate the remainder when 600 is divided by 600.
0
What is t